 6*a - 5. Let x be i(-5). Calculate the greatest common factor of c and x.
15
Let b(d) = -d**2 + 13*d - 14. Let f be b(8). Calculate the greatest common factor of 234 and f.
26
Let f be 195/12 - ((-60)/16 - -4). What is the highest common factor of f and 16?
16
Let b(m) = m - 5. Let y be b(8). Suppose 3*a + y*h - 21 = 0, h - 1 - 4 = 0. Suppose 0 = a*t - 11 - 5. What is the greatest common divisor of t and 4?
4
Suppose 0 = -4*u + 4*l + 32, 36 = 4*u - 0*u - 2*l. What is the highest common factor of 80 and u?
10
Suppose 61*v - 65*v = -140. What is the highest common divisor of 5 and v?
5
Let w = 722 - 493. Let a = -157 + w. Calculate the greatest common divisor of a and 9.
9
Suppose -13*b = -439 + 88. Suppose -4*j = -16 + 4. What is the highest common divisor of j and b?
3
Suppose -4 = -5*w + 11. Let s be (-14 - -5)*(-1)/w. Suppose 60 = s*k - k. What is the highest common factor of k and 15?
15
Let b be (-10)/(1 + 0)*(-15)/25. Let l be 0 - 1/(2/4). Let m be (l - -7)*36/10. Calculate the greatest common divisor of m and b.
6
Let d be (2 + 1 + -4)*3. Let k be (d/(-9))/((-3)/(-63)). Calculate the greatest common factor of k and 21.
7
Suppose 0 = -8*k + 3*k + 245. Let h = k - 14. Calculate the greatest common divisor of 7 and h.
7
Let j(t) = 2*t + 3. Let c be j(3). Let f be 4/(-10) + 216/(-10). Let y = -13 - f. What is the highest common factor of c and y?
9
Let g be (110/20)/((-1)/(-2)). Calculate the highest common divisor of g and 11.
11
Let l = 9 + -6. Suppose 3*q - l*w = 9, 3*w = 3*q - 5*q - 9. Suppose q = -z - 3*z + 44. Calculate the highest common divisor of 88 and z.
11
Let q = 14 + -7. Suppose -1 = 2*t - q. What is the highest common divisor of t and 3?
3
Let k = 35 + -1. What is the greatest common factor of 306 and k?
34
Suppose -3*s - 70 = -4*s. Let a be (6 - 7)/(1 - 0)*-14. Calculate the greatest common divisor of s and a.
14
Let g(z) = z**2 + 0*z - 2 - 3*z - 3. Let p be g(6). Calculate the highest common factor of p and 26.
13
Suppose 262 - 94 = 7*h. What is the highest common factor of h and 3?
3
Let t be 5*(38/10 - 1). Suppose 136 = 5*b - 74. What is the greatest common divisor of b and t?
14
Let k = 95 + -50. Let s be 8 + 1 + (1 - 1). Calculate the greatest common divisor of k and s.
9
Let s be ((-4)/3*1)/((-7)/2646). What is the highest common factor of 56 and s?
56
Let h(t) = t**2 - 2. Let f be h(-4). Calculate the highest common factor of 70 and f.
14
Let q = 11 - 8. Let h(s) = 2*s**3 - 3*s**2 - 3. Let j be h(q). What is the highest common divisor of j and 12?
12
Let g be (-1)/6 + 1058/12. What is the greatest common factor of 11 and g?
11
Let h = -137 - -139. Calculate the highest common divisor of h and 10.
2
Let n be 3 + 108 - (-1 + -2) - 0. Calculate the greatest common factor of n and 76.
38
Let c(k) = -k**2 - 1. Let s be c(-1). Let u be (-1)/(s - (-21)/12). Let w be -12*1*(-9)/u. Calculate the greatest common divisor of w and 9.
9
Let t = 205 - 145. What is the highest common factor of 20 and t?
20
Let o be -2 - 1/(1/(-17)). Let g be -5*-21*(-4)/(-5). Let l = g - -81. Calculate the highest common factor of l and o.
15
Let s(y) = 2*y**3 - 3*y**2 - 3*y + 6. Let r be s(2). What is the greatest common factor of 8 and r?
4
Let w be 10/(2 + -2 + 2). Suppose 5*z = -3*h + 359, 4*h - h + 341 = w*z. What is the highest common factor of 10 and z?
10
Suppose -4*v + 6 = -3*v. Suppose -4*t = -t - 36. What is the highest common factor of v and t?
6
Let m(j) = j + 10. Let x = -21 + 13. Let r be m(x). Suppose 25 - 5 = -5*a - 5*z, -11 = -a + r*z. What is the highest common divisor of 10 and a?
1
Suppose -29 - 54 = -4*y - f, 0 = -y + 3*f + 24. Suppose 2*n - 3*q + 174 = 3*n, 4*n = 3*q + 771. What is the highest common divisor of n and y?
21
Let o(t) = t + 6. Let p be o(5). Calculate the greatest common factor of p and 99.
11
Let i(z) = 4*z + 5. Let x be i(3). Suppose 0 = 15*f - x*f + 26. What is the highest common factor of f and 143?
13
Let f = 1 - -39. What is the greatest common factor of f and 8?
8
Suppose 0*i - 3*i = -180. Calculate the greatest common factor of i and 150.
30
Let k be -24*(0 + 3/(-2)). Let j be (-1)/2 - (-49)/(-2). Let l = -16 - j. What is the highest common divisor of l and k?
9
Suppose 0 = 4*a - 18 - 26. Let g(q) = 11*q**3 - q + 2. Let w be g(2). What is the greatest common factor of a and w?
11
Let w = 11 + -10. Let g = 7 - w. What is the greatest common factor of g and 9?
3
Let l(h) = -h**2 + 8*h - 4. Let q be l(5). What is the highest common divisor of 22 and q?
11
Let i be (6/(-4))/(36/(-24)). What is the highest common divisor of i and 3?
1
Suppose 3*z = -23 - 1. Let w = 2 - z. Calculate the highest common factor of w and 70.
10
Let o = 127 - 47. What is the highest common divisor of 32 and o?
16
Let a(r) = -r**3 - 2*r**2 + 3*r - 2. Let x be a(-3). Let o be 1/((-2)/4*x). Calculate the greatest common divisor of o and 1.
1
Let t = -4 + 10. Let s be (-3)/(-1)*20/t. Let f be (4 + 26/(-4))*-12. What is the greatest common divisor of f and s?
10
Let c = 2 - 0. Suppose -c*o + 34 = 5*x, -3*x + o + 10 = -3*o. Suppose 1 = 4*u - v - 36, -u - 3*v = -x. What is the greatest common factor of u and 36?
9
Let r be 32/(-12)*18/(-4). What is the highest common factor of 60 and r?
12
Let g(x) = x + 2. Let p be g(2). What is the greatest common factor of p and 44?
4
Suppose -3*k + 8*k = 630. Suppose -13 = 3*q - 55. What is the greatest common divisor of k and q?
14
Let f(h) = -6*h - 8. Let t be f(-10). Suppose 4*k - 61 = 43. Calculate the greatest common divisor of k and t.
26
Suppose 0 = -r + 3*x + 17, 2*r - 7*x + 2*x = 29. Let n be (28 - 3) + (r - -1). Calculate the greatest common divisor of 14 and n.
14
Suppose 15 = 5*y - 5. Calculate the greatest common divisor of 1 and y.
1
Suppose -4 = 3*s - 4*s. Let d(b) = b**3 + 6*b**2 + 4*b + 4. Let n be d(-3). Suppose -n = -3*t + 11. Calculate the greatest common factor of t and s.
2
Let q(y) = 4*y**3 - y**2 - y. Let l be q(-2). Let d = 49 + l. What is the highest common divisor of d and 3?
3
Suppose -4*o = 4*t - 56, -8 - 2 = -t + 3*o. Suppose -2*b - 5*r + 281 = 0, 5*r = -5*b + 462 + 248. Calculate the highest common divisor of b and t.
13
Let s(l) = -l**3 + 6*l**2 + l + 45. Let f be s(0). What is the highest common factor of 36 and f?
9
Let z be (190/(-8))/((-9)/36). Calculate the highest common factor of z and 19.
19
Let w be 25/5 - (-1)/1. Suppose 4*v = 6 + w. Calculate the greatest common factor of v and 15.
3
Suppose -5*j + 5*l + 1 = -19, -2*j + 4*l = -10. Let n = j + 0. Suppose n*p = 5*o - o + 35, 5*p - 4*o = 61. Calculate the highest common factor of 13 and p.
13
Let k = 21 + 4. Let f = k + 11. Let o = f - 20. What is the greatest common divisor of o and 8?
8
Suppose -45*h + 43*h = -230. Calculate the greatest common factor of 23 and h.
23
Suppose -5*j = -3*j - 18. Suppose 81 = 3*g + 3*i + i, -4*g = -i - 108. What is the greatest common divisor of g and j?
9
Let t be ((-26)/3)/(2/(-3)). What is the highest common divisor of t and 13?
13
Let f be (15/3 + -3)/(-2). Let u = 53 - f. What is the highest common divisor of u and 6?
6
Let u = 2 + 1. Suppose -5*l = -u*q + 245, l - 43 + 122 = q. Suppose -2*s - 3*x + 98 = 0, -8*x - q = -s - 3*x. What is the greatest common factor of s and 11?
11
Suppose -3*y = -8*y + 80. Let c be (y/(-12))/((-1)/15). Calculate the highest common divisor of 8 and c.
4
Let c be (-4 - -194)*(-4)/(-10). Let m = -5 + 8. Let l(u) = 2*u**3 - 5*u**2 + 3*u + 1. Let w be l(m). What is the highest common factor of w and c?
19
Suppose 3*w + w + 4*a - 420 = 0, w = -4*a + 120. What is the highest common divisor of 25 and w?
25
Suppose 0 = b + 2 - 0, -3*o = -4*b - 206. What is the greatest common factor of o and 165?
33
Suppose n - 3 = 11. Let a be 15/(-2)*(-6)/5. Let x(w) = -w**3 + 10*w**2 - 6*w - 13. Let r be x(a). Calculate the greatest common divisor of r and n.
14
Let r(m) = m - 8. Let z be r(4). Let k be (-21)/z + 2/(-8). What is the highest common divisor of k and 30?
5
Let q(c) = -c - 2. Let t be q(-3). Let s(x) = 16*x**2 - x. Let a be s(t). What is the greatest common factor of 3 and a?
3
Let f(v) = v**2 - 3*v + 4. Let x be f(0). What is the highest common factor of 4 and x?
4
Let t = 17 - 12. Suppose 7 = -2*k + t*q, 0 = -3*k - 4*q + 2 - 1. Let h be k - 1 - (-26